te number?
True
Let x = 78 - 9. Let o = 7 + -4. Is (o + -1)*x/6 prime?
True
Suppose -2 = -2*p - 2*t, -2*p + 4*t = -3*p + 13. Let c be (0 + p)*(-1)/3. Is c/5 + 416/20 prime?
False
Suppose -3*h = -0*h - 57. Suppose a - 18 = h. Is a prime?
True
Suppose 4*r + 4*a = 3*r + 17, -4*r - 4*a = -92. Is r a prime number?
False
Let u(d) = 3*d**3 - d**2 - d + 1. Let z be u(1). Suppose 0 = 5*i + z*o - 27, 0 = -2*i + 3*o - 3 + 29. Suppose -8 = -3*h + i, -200 = -3*r - h. Is r composite?
True
Suppose -8550 + 2458 = -4*i. Is i prime?
True
Let a(c) = c - 9. Let n(p) = -10. Let u(t) = -2*t**3 - 3*t**2 - 3*t - 3. Let l be u(-2). Let j(d) = l*a(d) - 6*n(d). Is j(7) composite?
True
Let r = 34554 - 17677. Is r a prime number?
False
Suppose 0*g = 5*g - 605. Is g composite?
True
Let b(c) = -c**3 - c**2 - c - 1. Let r(a) = 3*a**3 + 7*a**2 + 7*a + 6. Let p(z) = -6*b(z) - r(z). Is p(3) prime?
False
Is ((2/(-1))/(-2))/((-37)/(-44881)) composite?
False
Let b = -206 + 116. Let y = -58 - b. Let t = -23 + y. Is t composite?
True
Let w = -39 - 2. Suppose 4*q = 4*t - 34 - 222, 3*q + 3*t + 168 = 0. Let f = w - q. Is f composite?
False
Is (1614 - -64) + -1*1*-1 a prime number?
False
Suppose -4*u = -u - o - 2, -5*o - 10 = -3*u. Suppose 4*p - 161 = -v, u*p = -3*v + p + 444. Is v composite?
False
Let v = -6 + 14. Suppose -r = -v - 1. Is r a composite number?
True
Suppose -3*o = -o. Suppose -5*n + 63 + 92 = o. Is n composite?
False
Let z = -11 - -18. Let g(i) = -2 - 4*i + 1 + 8*i**2 + z*i**2. Is g(-3) a composite number?
True
Let z(o) = -o**3 + 4*o**2 - o - 5. Let a be z(6). Is -2 + 4 + (0 - a) a prime number?
False
Let a(s) = s - 1. Let y be a(7). Let m = -2 + y. Is m/(-14) + (-261)/(-7) prime?
True
Let x(d) = -2 + d + 2 + 1. Let u be (-39)/(-4) + (-14)/(-56). Is x(u) prime?
True
Suppose 5*n - 4*s - 8613 = -1038, -3*n + 4543 = -2*s. Is n composite?
False
Is -2*5/20*-3508 prime?
False
Let o be 656/(-6) + (-1)/(-3). Let l = 14 - o. Is l composite?
True
Suppose -5*k + 17 - 5 = -4*z, k + 3*z = 10. Suppose -4*t + 880 = -3*r, 3*t - 809 + 124 = -k*r. Is t a prime number?
True
Suppose -2*c - 4*o = -3*c + 787, -5*c = o - 4040. Is c a composite number?
True
Suppose -2*f + 4*n + 346 = 0, 0*n + 3*n = -3*f + 546. Is f a prime number?
True
Let t(g) be the first derivative of g**3/3 + 14*g + 3. Let s be t(-11). Let y = -58 + s. Is y prime?
False
Let o = -2 + 5. Suppose 3 + 3 = o*x. Is x composite?
False
Let s(r) = 2*r**3 - 2*r**2 - 3*r - 6. Is s(5) a prime number?
True
Suppose -2*t + 21 = -85. Is t a prime number?
True
Let f be ((-6)/8)/((-1)/4). Suppose -1 = -3*w + x + 11, 0 = 3*w - f*x - 6. Suppose -101 = -w*q - v + 295, 0 = 4*q - 2*v - 314. Is q a composite number?
False
Is -853*((-6)/2)/3 prime?
True
Suppose t + 156 = x - 0*x, 4*x = -3*t + 603. Let l = x - 215. Let z = l - -99. Is z prime?
True
Let x be ((-12)/(-3))/(3/(-12)). Let z = x + 51. Is z prime?
False
Let w = 4787 - 2658. Is w prime?
True
Is (8/6)/(24/1692) prime?
False
Suppose 3*v + 48 = -s, 4*s + 188 = v - 69. Let l = 190 + s. Is l prime?
True
Suppose 3*i = 3*n - 279, -3*n - 5*i + 169 = -118. Is n a prime number?
False
Let t(h) = 12*h - 34. Is t(19) prime?
False
Suppose 2*v - 3560 = -6*v. Is v prime?
False
Let t = -80 - -179. Let a = t - 68. Is a composite?
False
Let g(b) = b**2 + 3*b - 8. Let v be g(-8). Suppose -2*h - 6*t + t = 12, 0 = 5*h - 3*t - v. Suppose -50 = -w - 5*u, 4*w + w - 163 = h*u. Is w a prime number?
False
Let o(c) = -30*c**3 + c + 1. Let t be o(-1). Suppose -77 = -q - t. Is q prime?
True
Let u(g) = 14*g - 7. Let w be u(5). Suppose -5*m - 5*n + 565 = 0, 0*m = -4*m + 2*n + 458. Let v = m - w. Is v prime?
False
Suppose 0 = 5*n - 9*n + 4. Let i = n - -3. Is i prime?
False
Suppose 1005 = -2*q + 7*q. Suppose 0 = 3*r + q - 756. Is r a composite number?
True
Let x = 2086 - 1209. Is x prime?
True
Suppose -4 + 639 = 5*b. Is b composite?
False
Is 6/4*(-4666)/(-3) a composite number?
False
Suppose -3*n = 5*u - 25101, -3*u = -5*u + 2*n + 10034. Let z = u - 3418. Is z composite?
False
Suppose 123 = 4*r - 2*r + 3*j, -5*j = -5. Suppose 6*x - r = 3*x. Is (x/(-8))/((-1)/22) composite?
True
Let g be -1 + -3*6/(-9). Let a be 2 + -2 - -2 - g. Is a*-3*26/(-6) prime?
True
Let i(j) = -15*j**3 + j + 1. Suppose 3 = 3*a + 4*t + 14, 16 = -3*a - 5*t. Suppose r - 3 = 2*x, -5*r - a = 3*x - 5. Is i(x) a prime number?
False
Suppose -955 = p - 6*p. Is p prime?
True
Let o(z) = -2*z - 2 + 0*z + z**2 + 0*z + 0*z. Is o(7) composite?
True
Let l(a) = 163*a + 47. Is l(14) prime?
False
Let j be (-11)/(-2)*348/1. Is (7/21)/(2/j) a composite number?
True
Is (7/3)/(7/21) a prime number?
True
Let c = -4 - -4. Let r(m) = -m**3 - m - 127. Let v be r(c). Let w = -72 - v. Is w a prime number?
False
Let p(t) = 66*t - 11. Let r(m) = -m + 12. Let c be r(7). Is p(c) a composite number?
True
Let p be (-2)/(-6) - 1796/(-12). Let v be p - -2 - (-5 + 3). Suppose -2*l - 5*s + 67 + v = 0, 223 = 2*l + 3*s. Is l a prime number?
True
Is 371/35 + 2/5 a composite number?
False
Let a be -781 - (2 - -1)/(-3). Let n = a + 1416. Is 2/7 + n/28 prime?
True
Let w(p) = -26*p + 9. Is w(-5) a prime number?
True
Let l = 250 + -176. Is l prime?
False
Let u = 4 - 6. Let l be 1 + -2 + (-2)/u. Suppose -z - 15 = -3*z - 3*v, -5*z - 3*v + 42 = l. Is z composite?
True
Let y = -3 + -2. Let w = 10 - y. Is w a prime number?
False
Let k be 8 - 4 - (0 - -1). Let t be k/2*(-4)/(-3). Is -1 - (-37 - (-2)/t) composite?
True
Let g(c) = 467*c**3 + 1. Let q be g(1). Suppose 3*u = u - q. Is (u/3)/(-2) - 2 composite?
False
Let o = 1 + 1. Suppose 12 + 4 = o*k + 2*g, 2*k = 4*g - 14. Let n(q) = -q**3 + 4*q**2 + 4*q + 1. Is n(k) a composite number?
True
Let n = -8 + 5. Is (n - (0 + -37)) + -3 composite?
False
Let g(s) = -s**2 - s - 7. Let q be g(0). Let t(a) = -a**3 - 3*a**2 + 9*a - 6. Is t(q) composite?
False
Suppose -18 = -t - 0*t - 3*r, -r - 1 = -2*t. Suppose 2*m + t*m - 10 = 0. Is (m - (-15)/2)*2 prime?
True
Suppose 3*x - 8*x - 5*c + 29905 = 0, -c = -4*x + 23924. Is x a composite number?
False
Let x = 34 - 21. Suppose -w + x = -18. Is w composite?
False
Let d(r) = -r**3 + 9*r**2 - 9*r + 8. Let p = 10 + -4. Let o be (-30)/(-4) + (-3)/p. Is d(o) a prime number?
True
Let d be 1/((-69)/35 - -2). Let g be 88/(-14) + 10/d. Is g/9*(-57)/2 composite?
False
Let t(q) = q**2 + 2*q + 2. Let l be t(-4). Suppose -5*s = -3*s - l, -2*b - 4*s = -28. Suppose -3*f - 5*d = -b*d - 42, f - d - 18 = 0. Is f composite?
True
Suppose 2*z + 5 - 1 = t, t = -3*z - 6. Suppose 0 = -p - 4*v + 167, t = -p - v + 2*v + 182. Is p a composite number?
False
Is ((-2400)/(-1))/4 - 1 a composite number?
False
Let t = -687 + 1132. Is t prime?
False
Suppose -2*j - 12 = 3*c + c, 5 = -5*c. Is j/(-12) + 508/6 a prime number?
False
Suppose 5*u - 28 = -3*x, -4*u = -0*x + 2*x - 24. Suppose j = -j + u. Suppose 0 = g + j*g - 65. Is g a composite number?
False
Suppose 2*q - 6*q = 0. Is q - -287 - 0/7 a prime number?
False
Let d(l) = 798*l - 1. Is d(1) a prime number?
True
Let w(s) = -s**3 + 11*s**2 - 8*s + 13. Let n be w(9). Let h be (10/8)/((-1)/(-4)). Suppose -2*m = 5*p - 26, -4*p + n = h*m - p. Is m prime?
True
Let q(u) = -u + 6. Suppose -n + 9 = 2*v, -5*v = 3*n - 8*n. Let g = n + 1. Is q(g) a prime number?
True
Let f = 1046 - 327. Is f prime?
True
Suppose -46 - 53 = 3*x. Let m = -26 - x. Is m a composite number?
False
Let h(c) = 2*c**2 + 4*c + 1. Is h(-10) composite?
True
Suppose 4*h - 8 = 2*j, -2*j - j + 3 = -h. Suppose -32 = -s + 5*r, 2*s - 3*r = -h*s + 182. Is s composite?
False
Let d be (-8)/(-36) + 4360/(-18). Let b = -148 - d. Let z = -61 + b. Is z a composite number?
True
Let r(t) = -t**3 + 8*t**2 - 4*t + 4. Let k be r(6). Suppose -17 = 5*w - k. Let b = 11 - w. Is b composite?
True
Suppose 0 = -2*l + 5*l. Is 44/6*(l + 3) a composite number?
True
Let v(m) be the third derivative of 9*m**4/4 + m**3/6 + 2*m**2. Is v(1) a prime number?
False
Let z(w) = -w**3 + 5*w**2 + 2*w - 6. Suppose -3*f + p = -16, -5*f + 5*p = -2 - 28. Let t be z(f). Let u(v) = 2*v**3 + v**2 + 5*v - 1. Is u(t) composite?
False
Suppose 4*v + 910 = -902. Let g = v + 3. Is 3/(-3 - g/148) a composite number?
True
Let p(a) = -a**3 - a**2. Let g be p(-2). Suppose -3*v + 3 + 15 = 0. Let j = v + g. Is j a prime number?
False
Let x be (18/15)/((-6)/20). Is (2/x)/((-9)/1422) a composite numb